. Calculate the highest common factor of b and 27.
27
Suppose -2*w + 4*w = 84. Let d = -31984 - -32362. What is the greatest common divisor of d and w?
42
Suppose -36*b = -82*b + 6992. What is the highest common factor of b and 57?
19
Let r = 8 - 0. What is the greatest common divisor of r and 100?
4
Suppose 0*c + 7 = 3*n - c, -4*n + 2*c = -6. Let a be 247 - (3 + (9/3 - n)). Calculate the highest common factor of a and 35.
35
Let k be -177*(-4)/174 + (-78)/1131. Calculate the highest common divisor of k and 704.
4
Let f be (12*1 - 1) + 2. Let k be (10/150 + (-6423)/(-180))*4. What is the highest common factor of f and k?
13
Let r = -51 - -72. Let j(a) = -15*a + 12. Suppose -2*b = 2*b + 36. Let w be j(b). What is the greatest common factor of w and r?
21
Let n be 12*(-4)/(-12)*2. Suppose -13*d = -n*d - 260. Calculate the greatest common divisor of 13 and d.
13
Let c(y) = 7*y - 5. Let n be c(-5). Let v = -25 - n. What is the greatest common divisor of v and 45?
15
Let m = -1 - -2. Let d(x) = x**2 - 2*x - 19. Let o be d(6). Suppose -21 = o*h - 8*h. Calculate the greatest common factor of m and h.
1
Let b(v) be the second derivative of 8*v - 21/2*v**2 - 7/6*v**3 + 0. Let o be b(-19). Calculate the highest common divisor of 16 and o.
16
Let b be 6/4 + (-7209)/(-18). Suppose 5*p - 5*d + 529 = 139, -d = 5*p + b. Let x be p/(-6)*(-24)/(-5). Calculate the greatest common factor of x and 16.
16
Let z = 28 + -42. Let r be 22/3 - z/21. What is the greatest common factor of r and 40?
8
Let a(y) = -22*y - 3. Let z be 8/10 - (-133)/(-35). Let i be a(z). Suppose 4*d = 59 - 23. Calculate the greatest common factor of i and d.
9
Suppose -6*f - 1 + 13 = 0. What is the greatest common factor of 38 and f?
2
Suppose 2*q + 3*v - 35 = 0, -4*q + 0 = -v - 35. Calculate the highest common divisor of 50 and q.
10
Suppose 7*a + 3 = 73. Suppose -4*p + 5*x = 93, -3*p - 3*x = 2*p + 144. Let m = p + 47. What is the greatest common divisor of a and m?
10
Let v = 2 - -3. Suppose 0 = -z + 4*b + 31 + 15, -3*b = 3*z - 108. Suppose z = v*x - 17. Calculate the highest common divisor of x and 11.
11
Let r(b) = -12*b**2 - 30 - 2*b - 3*b**2 + 9 - b**3. Let s be r(-15). Calculate the highest common divisor of 81 and s.
9
Suppose -3 = -c - 2, 5*u + 5*c = 130. Suppose 36 = -3*b - x + 146, 0 = 4*b + x - 145. Let j = b - -15. What is the greatest common factor of j and u?
25
Let f be (-3096)/645*50/(-6). Calculate the highest common factor of 660 and f.
20
Suppose 5*l - 65 = 3*m, m + l = 4*m + 49. Let r = 2 - m. Suppose -15 = -2*c + 53. What is the greatest common divisor of r and c?
17
Let l = 19 + -30. Let v = l - -22. Let b(k) = k**3 - 10*k**2 - 10*k - 9. Let t be b(v). Calculate the highest common factor of t and 22.
2
Let x(q) = -15*q + 34. Let j be x(14). Let c be (j/33)/(2/(-3)). What is the highest common divisor of 8 and c?
8
Let s = -61 - -251. Suppose 757 - 529 = 6*t. Calculate the highest common divisor of s and t.
38
Let p be (-64)/48*(-9)/6. Suppose 4*u - 64 = -p*q, 0 + 21 = u - 2*q. Let h be (70 + -2)/(1/2). Calculate the highest common factor of h and u.
17
Suppose -48*t - 666 = -57*t. Calculate the greatest common factor of 148 and t.
74
Suppose 15 = 3*x, 6*g - x = g + 70. Suppose -38*w + 646 = 76. Calculate the greatest common factor of g and w.
15
Let b = -72 - -77. Suppose -b*s = -284 + 74. Suppose 9 = 2*n - 3. Calculate the highest common divisor of s and n.
6
Suppose -8*b = -7*b + 3. Let x = b + 7. Suppose x*q = -2*s + 926, -4*s - 561 = -2*q - 103. What is the greatest common factor of q and 21?
21
Suppose 6*d + 84 = 2*d. Let i = 6 - d. Let p be ((-60)/28 + 3)*21/1. What is the greatest common divisor of i and p?
9
Suppose 3*s - 234 = 3*h - h, -2*s + 169 = 3*h. Let u(b) = 4*b + 32. Let n be u(0). What is the greatest common factor of n and s?
16
Let c = -71 - -73. Suppose 2 = -z, -b = c*b + z - 955. What is the highest common divisor of 29 and b?
29
Suppose -202*m = -206*m - 4, 4*y + 2*m = 34. What is the greatest common divisor of y and 1611?
9
Let x = -22 + 180. Calculate the highest common factor of 237 and x.
79
Let o(r) = -r**2 + r + 14. Let j be o(-6). Let c be j/98 - (-2)/7. Suppose -3*x + 3 = c, -3*v + x = -0*x - 44. What is the highest common divisor of 135 and v?
15
Let g be 2/4*(1 + -1). Let y be (4/6 + g)*15. Let f(c) = 2*c**2 + 13*c - 165. Let v be f(-13). What is the highest common factor of y and v?
2
Let f(r) = 4*r**2 + 41*r - 9. Let j be f(-12). Calculate the greatest common divisor of 60 and j.
15
Let r be 25 + 0 + 0/3. Suppose -r + 23 = -l. Calculate the highest common divisor of 8 and l.
2
Let o be 5 - 148/28 - (-466)/14. What is the highest common factor of 143 and o?
11
Suppose 0 = 4*u - u - 12. Let w be (u/(-5))/((-4)/30). Let z = 12 - w. Calculate the highest common factor of 24 and z.
6
Let k = -176 + 264. Let a = 348 + -340. Calculate the highest common divisor of a and k.
8
Suppose w - 6 = -3. Let y be 6/(-2) + (w - -2). Suppose 4*x - y*x = -4*s + 44, -5*x = -2*s + 34. What is the greatest common divisor of s and 132?
12
Suppose -3*y + d = -y - 138, -d + 202 = 3*y. Let l be 1/(1*(-1396)/700 - -2). Suppose 4*k + 15 = k, 5*c - k = l. What is the highest common divisor of y and c?
34
Let p be 22/143 + (616/52 - 2). Calculate the highest common divisor of p and 25.
5
Suppose 3*y - 56 = 2*s, 4*y - y - 5*s = 41. Suppose -x - x + 3*z = -13, -3*x = -2*z - y. What is the greatest common factor of x and 104?
8
Suppose -2*x - 30 = -8*x. Let d(s) = 4*s**2 - 3*s + 3. Let r = -10 - -14. Let o be d(r). Calculate the highest common factor of o and x.
5
Let j be (25 + 317)/(2/3). Calculate the greatest common factor of 27 and j.
27
Suppose -r - 11 = -49. What is the greatest common divisor of r and 418?
38
Suppose 58*c - 51*c - 196 = 0. What is the highest common factor of c and 364?
28
Suppose -4*p + 17 = -5*i + 40, -5*i - 3*p = -9. Suppose -5*d + 8 = i, 2*d = 4*l - 126. Calculate the highest common divisor of 4 and l.
4
Suppose 0 = 4*i - 7*o + 2*o - 95, -5*i + 130 = 5*o. Calculate the greatest common divisor of 325 and i.
25
Let z(y) = 32*y**3 + 3*y**2 - 2*y + 2. Let m be z(2). Suppose 4*i - u = m, -2*u + 190 = 3*i + 2*u. What is the greatest common factor of i and 44?
22
Let j = -86 + 137. Suppose f - j + 12 = 5*k, 0 = -3*f - 5*k + 137. Calculate the highest common factor of f and 110.
22
Suppose -5*v - 252 = -3*r, -r + 0*r = v - 84. Let t = r + -18. What is the greatest common factor of 33 and t?
33
Let f = -17 - -13. Let k be 33/5 + f/(-10). Let d be 15 - (1 - -1 - 1). Calculate the greatest common factor of d and k.
7
Suppose -5*d = -2*y + 15, 0*y - 25 = -4*y + 5*d. Let m(c) = 5*c**2 + 6*c - 1. Let f be m(y). Let a = -262 + 284. What is the highest common factor of a and f?
22
Let n(u) = -11*u + 8*u + 11*u - u**2 - 2. Let m be n(6). Let x be ((-2)/2)/(2/(-30)). Calculate the greatest common factor of x and m.
5
Let h(o) = -o**3 + 6*o**2 - 4*o + 4. Let t be h(6). Let s be t + (-4)/(-4) + 4. Let q be ((-12)/s)/(2/5). What is the greatest common divisor of 3 and q?
1
Let y = 113 + -122. Let o = y + 27. Calculate the highest common divisor of o and 108.
18
Suppose 0 = 2*g + 3*w - 12, 55 - 55 = -4*w. Let v = 4 + -7. Let k be v/((-2)/4 + -1). Calculate the highest common factor of k and g.
2
Let q be 12/27 - (-1736)/63. Calculate the highest common factor of q and 196.
28
Suppose -l - 4*l - 2*v = -138, -40 = -2*l + 3*v. Let k = 40 - l. Calculate the greatest common factor of 21 and k.
7
Let g be (43/(2150/160))/(1/35). Calculate the highest common factor of 176 and g.
16
Let x = 149 - 157. Let h be (-5)/(x/68 - (-15)/(-17)). Let k be 14/((-16)/10 - -2). Calculate the greatest common divisor of h and k.
5
Let z(j) = 5*j - 41. Let g be z(13). Let i be -32*3/(-8 - -2). What is the highest common divisor of i and g?
8
Let d(h) = -2*h**2 - 15*h + 1. Let r be d(-5). What is the highest common divisor of 143 and r?
13
Suppose s - 28 = -b + 3*b, 3*s - 3*b = 81. Suppose -g = -c + s, -4*g + 41 + 23 = 2*c. Suppose -14 = 10*l - 12*l. What is the highest common factor of l and c?
7
Let v = 23 - 3. Suppose -2*s = -3*z + 2*s + 7, 4*s = v. What is the highest common factor of z and 81?
9
Let a(c) = -11*c + 20. Let l be a(-5). What is the highest common factor of 60 and 